ided by 8348.
361
Calculate the remainder when 41953716 is divided by 910.
896
Calculate the remainder when 513516 is divided by 335.
296
Calculate the remainder when 1255178 is divided by 268.
134
Calculate the remainder when 151281 is divided by 3770.
481
What is the remainder when 2514987 is divided by 1603?
1483
What is the remainder when 167625 is divided by 55867?
24
What is the remainder when 85271193 is divided by 8196?
9
What is the remainder when 510359300 is divided by 147?
143
Calculate the remainder when 32574 is divided by 1916.
2
What is the remainder when 2725422 is divided by 389?
88
What is the remainder when 155770 is divided by 30248?
4530
Calculate the remainder when 56069 is divided by 2461.
1927
What is the remainder when 111701 is divided by 255?
11
Calculate the remainder when 18682 is divided by 456.
442
Calculate the remainder when 27350 is divided by 839.
502
Calculate the remainder when 25735 is divided by 4201.
529
Calculate the remainder when 107768383 is divided by 1766.
1765
Calculate the remainder when 73245 is divided by 896.
669
What is the remainder when 279827 is divided by 65?
2
What is the remainder when 20368119 is divided by 210?
9
Calculate the remainder when 595305 is divided by 434.
291
Calculate the remainder when 9533775 is divided by 247.
69
Calculate the remainder when 12697776 is divided by 4506.
4374
Calculate the remainder when 2955294 is divided by 9472.
30
Calculate the remainder when 380306 is divided by 17.
16
What is the remainder when 1112384 is divided by 11588?
11524
Calculate the remainder when 38603 is divided by 3694.
1663
What is the remainder when 509395 is divided by 101868?
55
What is the remainder when 69972 is divided by 34519?
934
Calculate the remainder when 13500235 is divided by 2570.
25
Calculate the remainder when 27190617 is divided by 6215.
6207
Calculate the remainder when 160454 is divided by 160453.
1
Calculate the remainder when 2304337 is divided by 1516.
17
Calculate the remainder when 22805 is divided by 1210.
1025
Calculate the remainder when 2526086 is divided by 109829.
19
Calculate the remainder when 1997363 is divided by 161.
158
Calculate the remainder when 186520 is divided by 3655.
115
What is the remainder when 49449 is divided by 15772?
2133
What is the remainder when 5144110 is divided by 69515?
0
What is the remainder when 815400 is divided by 108?
0
What is the remainder when 324241 is divided by 38646?
15073
Calculate the remainder when 2558649 is divided by 30460.
9
What is the remainder when 34067322 is divided by 1060?
1042
What is the remainder when 9153306 is divided by 35?
1
Calculate the remainder when 8995589 is divided by 11.
9
What is the remainder when 26228738 is divided by 215?
28
Calculate the remainder when 544964927 is divided by 114.
11
What is the remainder when 907520 is divided by 25?
20
Calculate the remainder when 44709086 is divided by 429.
422
What is the remainder when 11445069 is divided by 455?
454
What is the remainder when 4048814 is divided by 389?
102
Calculate the remainder when 1305075 is divided by 32623.
155
What is the remainder when 2013663 is divided by 5150?
13
Calculate the remainder when 245827034 is divided by 644.
642
Calculate the remainder when 1137556 is divided by 765.
1
What is the remainder when 539907789 is divided by 290?
289
What is the remainder when 168559 is divided by 41985?
619
What is the remainder when 9262919 is divided by 1378?
3
What is the remainder when 305418 is divided by 712?
682
What is the remainder when 129537 is divided by 677?
230
What is the remainder when 11882296 is divided by 143?
140
Calculate the remainder when 49894 is divided by 24569.
756
Calculate the remainder when 1901271 is divided by 1684.
35
What is the remainder when 152911839 is divided by 1149713?
10
Calculate the remainder when 2201527 is divided by 58.
21
What is the remainder when 23382182 is divided by 17?
8
Calculate the remainder when 16652776 is divided by 1110185.
1
What is the remainder when 472642 is divided by 117993?
670
Calculate the remainder when 886675 is divided by 12486.
169
What is the remainder when 74662 is divided by 10641?
175
Calculate the remainder when 64883 is divided by 10800.
83
Calculate the remainder when 4026461 is divided by 46281.
14
Calculate the remainder when 58031250 is divided by 29015602.
46
Calculate the remainder when 31923797 is divided by 101.
20
What is the remainder when 1270349 is divided by 254018?
259
What is the remainder when 60804 is divided by 4216?
1780
Calculate the remainder when 3795083 is divided by 6623.
104
Calculate the remainder when 192573 is divided by 191794.
779
Calculate the remainder when 384501 is divided by 96119.
25
Calculate the remainder when 4828577 is divided by 5550.
77
Calculate the remainder when 260728981 is divided by 4097.
4095
What is the remainder when 373769397 is divided by 87?
84
What is the remainder when 26784 is divided by 2184?
576
Calculate the remainder when 66808065 is divided by 43.
40
What is the remainder when 11606695 is divided by 2811?
76
Calculate the remainder when 23947 is divided by 23266.
681
What is the remainder when 210338 is divided by 22?
18
Calculate the remainder when 179108 is divided by 88996.
1116
What is the remainder when 140308 is divided by 325?
233
What is the remainder when 5585636 is divided by 71?
66
What is the remainder when 5322852 is divided by 610?
602
What is the remainder when 3345353 is divided by 42889?
11
What is the remainder when 175792229 is divided by 1765?
1759
Calculate the remainder when 2465552 is divided by 5063.
4934
Calculate the remainder when 23339245 is divided by 546.
475
What is the remainder when 2154625 is divided by 22440?
385
Calculate the remainder when 40531541 is divided by 228.
209
Calculate the remainder when 75584 is divided by 73336.
2248
Calculate the remainder when 3351682 is divided by 670332.
22
Calculate the remainder when 689130 is divided by 26505.
0
Calculate the remainder when 30226496 is divided by 1590867.
23
Calculate the remainder when 430458 is divided by 304.
298
What is the remainder when 1474136 is divided by 23027?
408
Calculate the remainder when 91950 is divided by 97.
91
Calculate the remainder when 1008434 is divided by 1681.
1515
What is the remainder when 721691 is divided by 1572?
143
What is the remainder when 13696086 is divided by 1192?
6
Calculate the remainder when 120475 is divided by 40155.
10
Calculate the remainder when 747608 is divided by 847.
554
What is the remainder when 501072 is divided by 2831?
2816
What is the remainder when 4519071 is divided by 117?
63
Calculate the remainder when 33890961 is divided by 8472738.
9
What is the remainder when 45606243 is divided by 112608?
3
Calculate the remainder when 19962 is divided by 19710.
252
What is the remainder when 450951 is divided by 97?
95
Calculate the remainder when 10085123 is divided by 24.
11
Calculate the remainder when 10908 is divided by 1772.
276
What is the remainder when 887938 is divided by 312?
298
Calculate the remainder when 868671 is divided by 6.
3
Calculate the remainder when 19750749 is divided by 202.
199
What is the remainder when 75228602 is divided by 224?
218
Calculate the remainder when 1860015 is divided by 449.
257
Calculate the remainder when 4891378 is divided by 4891378.
0
Calculate the remainder when 10164730 is divided by 4761.
4756
What is the remainder when 7079543 is divided by 250?
43
Calculate the remainder when 9028903 is divided by 1003211.
4
Calculate the remainder when 2080513 is divided by 1234.
1223
Calculate the remainder when 4227416 is divided by 845467.
81
Calculate the remainder when 4429873 is divided by 11782.
11623
Calculate the remainder when 40437 is divided by 2888.
5
Calculate the remainder when 481527 is divided by 4721.
4706
Calculate the remainder when 4636349 is divided by 1065.
404
Calculate the remainder when 266922 is divided by 10565.
2797
What is the remainder when 574300 is divided by 191427?
19
Calculate the remainder when 2048124 is divided by 682692.
48
What is the remainder when 2004181 is divided by 1057?
109
Calculate the remainder when 380295 is divided by 126730.
105
Calculate the remai